{"id":1030,"date":"2020-10-21T23:07:56","date_gmt":"2020-10-21T23:07:56","guid":{"rendered":"https:\/\/mkb-system.ro\/?post_type=product&#038;p=1030"},"modified":"2022-03-15T13:18:39","modified_gmt":"2022-03-15T13:18:39","slug":"c13-dinamometru-isokinetic-pentru-abdomen-regiunea-toracica","status":"publish","type":"product","link":"https:\/\/mkb-system.ro\/index.php\/produs\/c13-dinamometru-isokinetic-pentru-abdomen-regiunea-toracica\/","title":{"rendered":"C13 Dinamometru Digital Isokinetic pentru coloana dorso-lombar\u0103"},"content":{"rendered":"<section class=\"has_eae_slider elementor-element elementor-element-f1cdcd6 elementor-section-stretched elementor-section-full_width elementor-section-height-default elementor-section-height-default elementor-section elementor-top-section\" data-id=\"f1cdcd6\" data-element_type=\"section\" data-settings=\"{&quot;stretch_section&quot;:&quot;section-stretched&quot;,&quot;background_background&quot;:&quot;classic&quot;}\">\n<div class=\"elementor-container elementor-column-gap-default\">\n<div class=\"elementor-row\">\n<div class=\"has_eae_slider elementor-element elementor-element-c289172 elementor-column elementor-col-25 elementor-top-column\" data-id=\"c289172\" data-element_type=\"column\">\n<div class=\"elementor-column-wrap elementor-element-populated\">\n<div class=\"elementor-widget-wrap\">\n<div class=\"elementor-element elementor-element-b944795 elementor-view-default elementor-position-top elementor-vertical-align-top elementor-widget elementor-widget-icon-box\" data-id=\"b944795\" data-element_type=\"widget\" data-widget_type=\"icon-box.default\">\n<div class=\"elementor-widget-container\">\n<div class=\"elementor-icon-box-wrapper\">\n<div class=\"elementor-icon-box-content\">\n<p><strong>DINAMOMETRUL ISOKINETIC PENTRU COLOANA DORSO-LOMBAR\u0102<\/strong><strong><img loading=\"lazy\" class=\"alignnone size-medium wp-image-1033\" src=\"https:\/\/mkb-system.ro\/wp-content\/uploads\/2020\/10\/Untitled-design-31-300x300.png\" alt=\"\" width=\"300\" height=\"300\" srcset=\"https:\/\/mkb-system.ro\/wp-content\/uploads\/2020\/10\/Untitled-design-31-300x300.png 300w, https:\/\/mkb-system.ro\/wp-content\/uploads\/2020\/10\/Untitled-design-31-150x150.png 150w, https:\/\/mkb-system.ro\/wp-content\/uploads\/2020\/10\/Untitled-design-31-100x100.png 100w, https:\/\/mkb-system.ro\/wp-content\/uploads\/2020\/10\/Untitled-design-31.png 500w\" sizes=\"(max-width: 300px) 100vw, 300px\" \/><\/strong><\/p>\n<p><strong>Dou\u0103 tipuri de proceduri\u00a0 respectiv \u00a0flexia\/ extensia trunchiului. Prin intermediul celor doua func\u021bii diferite ale dinamometrului isokinetic este antrenat\u0103 musculatura abdominal\u0103 \u0219i regiunea toracic\u0103 \u0219i lombar\u0103.<\/strong><\/p>\n<p><strong>Aspecte Importante:<\/strong><\/p>\n<p><strong>5 set\u0103ri \u0219i fix\u0103ri pentru o postur\u0103 corect\u0103<\/strong><\/p>\n<\/div>\n<\/div>\n<\/div>\n<\/div>\n<\/div>\n<\/div>\n<\/div>\n<div class=\"elementor-element elementor-element-69b12f8 elementor-view-default elementor-position-top elementor-vertical-align-top elementor-widget elementor-widget-icon-box\" data-id=\"69b12f8\" data-element_type=\"widget\" data-widget_type=\"icon-box.default\">\n<div class=\"elementor-widget-container\">\n<div class=\"elementor-icon-box-wrapper\">\n<div class=\"elementor-icon-box-icon\"><strong>3 proceduri \u00eentr-un singur dinamometru isokinetic<\/strong><\/div>\n<\/div>\n<\/div>\n<\/div>\n<div class=\"elementor-element elementor-element-bdf83cc elementor-view-default elementor-position-top elementor-vertical-align-top elementor-widget elementor-widget-icon-box\" data-id=\"bdf83cc\" data-element_type=\"widget\" data-widget_type=\"icon-box.default\">\n<div class=\"elementor-widget-container\">\n<div class=\"elementor-icon-box-wrapper\">\n<div class=\"elementor-icon-box-icon\"><strong>Perne ergonomice din spum\u0103 special\u0103 pentru a preveni echimozele<\/strong><\/div>\n<\/div>\n<\/div>\n<\/div>\n<div class=\"elementor-element elementor-element-de195c4 elementor-view-default elementor-position-top elementor-vertical-align-top elementor-widget elementor-widget-icon-box\" data-id=\"de195c4\" data-element_type=\"widget\" data-widget_type=\"icon-box.default\">\n<div class=\"elementor-widget-container\">\n<div class=\"elementor-icon-box-wrapper\">\n<div class=\"elementor-icon-box-icon\"><strong>Protec\u021bie pentru umeri \u0219i bra\u021be la nivelul coloanei vertebrale \u0219i a um\u0103rului<\/strong><\/div>\n<div class=\"elementor-icon-box-icon\"><strong>Pern\u0103 pentru cap pentru stabilizarea coloanei verticale cervicale<\/strong><\/div>\n<\/div>\n<\/div>\n<\/div>\n<\/div>\n<\/div>\n<\/section>\n<div class=\"elementor-container elementor-column-gap-default\">\n<div class=\"elementor-row\">\n<div class=\"has_eae_slider elementor-element elementor-element-6434cf5 elementor-column elementor-col-25 elementor-top-column\" data-id=\"6434cf5\" data-element_type=\"column\">\n<div class=\"elementor-column-wrap elementor-element-populated\">\n<div class=\"elementor-widget-wrap\">\n<div class=\"elementor-element elementor-element-3e3eaa8 elementor-view-default elementor-position-top elementor-vertical-align-top elementor-widget elementor-widget-icon-box\" data-id=\"3e3eaa8\" data-element_type=\"widget\" data-widget_type=\"icon-box.default\">\n<div class=\"elementor-widget-container\">\n<div class=\"elementor-icon-box-wrapper\">\n<div class=\"elementor-icon-box-icon\"><strong>Dispozitiv de pretentionarea greut\u0103\u021bilor<\/strong><\/div>\n<\/div>\n<\/div>\n<\/div>\n<\/div>\n<\/div>\n<\/div>\n<div class=\"has_eae_slider elementor-element elementor-element-1484be3 elementor-column elementor-col-25 elementor-top-column\" data-id=\"1484be3\" data-element_type=\"column\">\n<div class=\"elementor-column-wrap elementor-element-populated\">\n<div class=\"elementor-widget-wrap\">\n<div class=\"elementor-element elementor-element-66de7e6 elementor-view-default elementor-position-top elementor-vertical-align-top elementor-widget elementor-widget-icon-box\" data-id=\"66de7e6\" data-element_type=\"widget\" data-widget_type=\"icon-box.default\">\n<div class=\"elementor-widget-container\">\n<div class=\"elementor-icon-box-wrapper\">\n<div class=\"elementor-icon-box-icon\"><strong>Scanner de amprente<\/strong><\/div>\n<\/div>\n<\/div>\n<\/div>\n<\/div>\n<\/div>\n<\/div>\n<div class=\"has_eae_slider elementor-element elementor-element-6dd2308 elementor-column elementor-col-25 elementor-top-column\" data-id=\"6dd2308\" data-element_type=\"column\">\n<div class=\"elementor-column-wrap elementor-element-populated\">\n<div class=\"elementor-widget-wrap\">\n<div class=\"elementor-element elementor-element-9bef395 elementor-view-default elementor-position-top elementor-vertical-align-top elementor-widget elementor-widget-icon-box\" data-id=\"9bef395\" data-element_type=\"widget\" data-widget_type=\"icon-box.default\">\n<div class=\"elementor-widget-container\">\n<div class=\"elementor-icon-box-wrapper\">\n<div class=\"elementor-icon-box-icon\"><strong>Sistem inteligent de m\u0103surare a procedurilor<\/strong><\/div>\n<div><strong>\u00a0<\/strong><\/div>\n<div><strong><span class=\"lead\">PROCEDURI<\/span>\u00a0PENTRU ABDOMEN<\/strong><\/div>\n<p><strong>Pentru a realiza o postura optim\u0103 la pacien\u021bii cu cifoza, este necesar\u0103 o pozi\u021bionare joas\u0103 a scaunului \u0219i o setare c\u00e2t mai \u00eenalt\u0103 a suportului lombar, ceea ce asigur\u0103 o mobilitate m\u0103rit\u0103 a coloanei vertebrale toracice. \u00cen cadrul procedurii se ac\u021bioneaz\u0103 asupra musculaturii abdominale. Dinamometrul Isokinetic se fixeaz\u0103 automat \u00eentr-o pozi\u021bie de \u0219ezut, perna lombara este deplasat\u0103 \u00een sus. Aceasta mobilizeaz\u0103 regiunea medie a coloanei vertebrale toracice, fiind un element indispensabil pentru postura vertical\u0103 (func\u021bia de sus\u021binere).<\/strong><\/p>\n<div><strong> <img loading=\"lazy\" class=\"alignnone size-medium wp-image-1034\" src=\"https:\/\/mkb-system.ro\/wp-content\/uploads\/2020\/10\/c13-procedura1-transparent-1-1-1-298x300.png\" alt=\"\" width=\"298\" height=\"300\" srcset=\"https:\/\/mkb-system.ro\/wp-content\/uploads\/2020\/10\/c13-procedura1-transparent-1-1-1-298x300.png 298w, https:\/\/mkb-system.ro\/wp-content\/uploads\/2020\/10\/c13-procedura1-transparent-1-1-1-150x150.png 150w, https:\/\/mkb-system.ro\/wp-content\/uploads\/2020\/10\/c13-procedura1-transparent-1-1-1-100x100.png 100w, https:\/\/mkb-system.ro\/wp-content\/uploads\/2020\/10\/c13-procedura1-transparent-1-1-1.png 322w\" sizes=\"(max-width: 298px) 100vw, 298px\" \/><\/strong><\/div>\n<div>\n<h4 class=\"title\"><span class=\"lead\">PROCEDURI<\/span>\u00a0PENTRU REGIUNEA TORACICA \u0218I LOMBAR\u0102<\/h4>\n<h4>Dinamometrul Isokinetic ofer\u0103 posibilitatea de ac\u021bionare asupra regiunilor mediale \u0219i laterale ale coloanei lombare. Pentru o postur\u0103 corect\u0103 a coloanei vertebrale cervicale pernele trebuie ajustate astfel \u00eenc\u00e2t coloana cervical\u0103 s\u0103 fie \u00een pozi\u021bia zero. Se evit\u0103 astfel suprasolicitarea, compresia sau hipermobilitatea la nivelul coloanei vertebrale cervicale. Procedura pentru regiunea lombar\u0103 ac\u021bioneaz\u0103 asupra mu\u0219chilor iliocostal \u0219i lungului dorsal. Reglarea unei pozi\u021bii \u00eenalte a scaunului \u0219i pozi\u021bia bra\u021bului de ac\u021bionare orientat\u0103 \u00een jos ac\u021bioneaz\u0103 \u00een special asupra regiunii inferioare a coloanei lombare. Reglarea unei pozi\u021bii joase a scaunului \u0219i deplasarea suportului lombar \u00een sus ac\u021bioneaz\u0103 asupra regiunii mediane a coloanei vertebrale toracice.<\/h4>\n<p><img loading=\"lazy\" class=\"alignnone size-medium wp-image-1035\" src=\"https:\/\/mkb-system.ro\/wp-content\/uploads\/2020\/10\/c13-procedura2-transparent-1-1-284x300.png\" alt=\"\" width=\"284\" height=\"300\" srcset=\"https:\/\/mkb-system.ro\/wp-content\/uploads\/2020\/10\/c13-procedura2-transparent-1-1-284x300.png 284w, https:\/\/mkb-system.ro\/wp-content\/uploads\/2020\/10\/c13-procedura2-transparent-1-1.png 312w\" sizes=\"(max-width: 284px) 100vw, 284px\" \/><\/p>\n<\/div>\n<\/div>\n<\/div>\n<\/div>\n<\/div>\n<\/div>\n<\/div>\n<\/div>\n<\/div>\n<section class=\"has_eae_slider elementor-element elementor-element-ec7fa59 elementor-section-boxed elementor-section-height-default elementor-section-height-default elementor-section elementor-top-section\" data-id=\"ec7fa59\" data-element_type=\"section\">\n<div class=\"elementor-container elementor-column-gap-default\">\n<div class=\"elementor-row\">\n<div class=\"has_eae_slider elementor-element elementor-element-c16e02d elementor-column elementor-col-100 elementor-top-column\" data-id=\"c16e02d\" data-element_type=\"column\">\n<div class=\"elementor-column-wrap elementor-element-populated\">\n<div class=\"elementor-widget-wrap\">\n<div class=\"elementor-element elementor-element-b58bb77 elementor-widget elementor-widget-spacer\" data-id=\"b58bb77\" data-element_type=\"widget\" data-widget_type=\"spacer.default\">\n<h4 class=\"elementor-widget-container\"><\/h4>\n<\/div>\n<\/div>\n<\/div>\n<\/div>\n<\/div>\n<\/div>\n<\/section>\n","protected":false},"excerpt":{"rendered":"<section class=\"has_eae_slider elementor-element elementor-element-f1cdcd6 elementor-section-stretched elementor-section-full_width elementor-section-height-default elementor-section-height-default elementor-section elementor-top-section\" data-id=\"f1cdcd6\" data-element_type=\"section\" data-settings=\"{&quot;stretch_section&quot;:&quot;section-stretched&quot;,&quot;background_background&quot;:&quot;classic&quot;}\">\n<div class=\"elementor-container elementor-column-gap-default\">\n<div class=\"elementor-row\">\n<div class=\"has_eae_slider elementor-element elementor-element-c289172 elementor-column elementor-col-25 elementor-top-column\" data-id=\"c289172\" data-element_type=\"column\">\n<div class=\"elementor-column-wrap elementor-element-populated\">\n<div class=\"elementor-widget-wrap\">\n<div class=\"elementor-element elementor-element-b944795 elementor-view-default elementor-position-top elementor-vertical-align-top elementor-widget elementor-widget-icon-box\" data-id=\"b944795\" data-element_type=\"widget\" data-widget_type=\"icon-box.default\">\n<div class=\"elementor-widget-container\">\n<div class=\"elementor-icon-box-wrapper\">\n<div class=\"elementor-icon-box-content\">\n<div class=\"has_eae_slider elementor-element elementor-element-aac50a7 elementor-column elementor-col-33 elementor-top-column\" data-id=\"aac50a7\" data-element_type=\"column\">\n<div class=\"elementor-column-wrap elementor-element-populated\">\n<div class=\"elementor-widget-wrap\">\n<div class=\"elementor-element elementor-element-b31260b eael-dual-header-content-align-center elementor-widget elementor-widget-eael-dual-color-header\" data-id=\"b31260b\" data-element_type=\"widget\" data-widget_type=\"eael-dual-color-header.default\">\n<div class=\"elementor-widget-container\">\n<div class=\"eael-dual-header\">\n<h4>Proceduri complet automatizate &#8211; reglaje \u0219i fix\u0103ri<\/h4>\n<\/div>\n<\/div>\n<\/div>\n<\/div>\n<\/div>\n<\/div>\n<div class=\"has_eae_slider elementor-element elementor-element-0110ec6 elementor-column elementor-col-33 elementor-top-column\" data-id=\"0110ec6\" data-element_type=\"column\">\n<div class=\"elementor-column-wrap elementor-element-populated\">\n<div class=\"elementor-widget-wrap\">\n<div class=\"elementor-element elementor-element-e761da5 elementor-icon-list--layout-traditional elementor-widget elementor-widget-icon-list\" data-id=\"e761da5\" data-element_type=\"widget\" data-widget_type=\"icon-list.default\">\n<div class=\"elementor-widget-container\">\n<ul class=\"elementor-icon-list-items\">\n<li class=\"elementor-icon-list-item\">\n<h4><i class=\"fas fa-check\" aria-hidden=\"true\"><\/i><span class=\"elementor-icon-list-text\">Reglare automat\u0103 a sarcinii de lucru \u0219i dispozitiv de pretensionare a greut\u0103\u021bii patentat MKB-System<\/span><\/h4>\n<\/li>\n<li class=\"elementor-icon-list-item\">\n<h4><i class=\"fas fa-check\" aria-hidden=\"true\"><\/i><span class=\"elementor-icon-list-text\">Perne suplimentare pentru bra\u021be<\/span><\/h4>\n<\/li>\n<li class=\"elementor-icon-list-item\">\n<h4><i class=\"fas fa-check\" aria-hidden=\"true\"><\/i><span class=\"elementor-icon-list-text\">M\u00e2nere ergonomice<\/span><\/h4>\n<\/li>\n<li class=\"elementor-icon-list-item\">\n<h4><i class=\"fas fa-check\" aria-hidden=\"true\"><\/i><span class=\"elementor-icon-list-text\">Suport lombar rotunjit<\/span><\/h4>\n<\/li>\n<li class=\"elementor-icon-list-item\">\n<h4><i class=\"fas fa-check\" aria-hidden=\"true\"><\/i><span class=\"elementor-icon-list-text\">Ajustare automat\u0103 a suportului lombar<\/span><\/h4>\n<\/li>\n<li class=\"elementor-icon-list-item\">\n<h4><i class=\"fas fa-check\" aria-hidden=\"true\"><\/i><span class=\"elementor-icon-list-text\">Ajustare automat\u0103 a \u00een\u0103l\u021bimii scaunului<\/span><\/h4>\n<\/li>\n<li class=\"elementor-icon-list-item\">\n<h4><i class=\"fas fa-check\" aria-hidden=\"true\"><\/i><span class=\"elementor-icon-list-text\">Suport suplimentar pentru picioare<\/span><\/h4>\n<\/li>\n<li class=\"elementor-icon-list-item\">\n<h4><i class=\"fas fa-check\" aria-hidden=\"true\"><\/i><span class=\"elementor-icon-list-text\">Reglare automat\u0103 pentru stabilizarea genunchilor<\/span><\/h4>\n<\/li>\n<li class=\"elementor-icon-list-item\">\n<h4><i class=\"fas fa-check\" aria-hidden=\"true\"><\/i><span class=\"elementor-icon-list-text\">Setare electronic\u0103 a unghiului de st\u0103ri<\/span><\/h4>\n<\/li>\n<li class=\"elementor-icon-list-item\">\n<h4><i class=\"fas fa-check\" aria-hidden=\"true\"><\/i><span class=\"elementor-icon-list-text\">Monitor rotativ de 17 inch (touchscreen)<\/span><\/h4>\n<\/li>\n<li class=\"elementor-icon-list-item\">\n<h4><i class=\"fas fa-check\" aria-hidden=\"true\"><\/i><span class=\"elementor-icon-list-text\">Amprent\u0103 biometric\u0103<\/span><\/h4>\n<h4>DIMENSIUNI: lungime: 150 cm \/ l\u0103\u021bime: 170 cm \/ \u00een\u0103l\u021bime: 205 cm<\/h4>\n<h4>SUPRAFA\u021aA DE AMPLASARE: cca. 3m2<\/h4>\n<h4>GREUTATE: 450kg<\/h4>\n<h4>CONSUMUL DE ENERGIE: 3 euro \/ lun\u0103<\/h4>\n<h4>COMPUTER: PC integrat, inclusiv software-ul u\u0219or de controlat \u0219i monitor touchscreen de 17 inch<\/h4>\n<\/li>\n<\/ul>\n<\/div>\n<\/div>\n<\/div>\n<\/div>\n<\/div>\n<\/div>\n<\/div>\n<\/div>\n<\/div>\n<\/div>\n<\/div>\n<\/div>\n<\/div>\n<\/div>\n<\/section>\n<section class=\"has_eae_slider elementor-element elementor-element-ec7fa59 elementor-section-boxed elementor-section-height-default elementor-section-height-default elementor-section elementor-top-section\" data-id=\"ec7fa59\" data-element_type=\"section\">\n<div class=\"elementor-container elementor-column-gap-default\">\n<div class=\"elementor-row\">\n<div class=\"has_eae_slider elementor-element elementor-element-c16e02d elementor-column elementor-col-100 elementor-top-column\" data-id=\"c16e02d\" data-element_type=\"column\">\n<div class=\"elementor-column-wrap elementor-element-populated\">\n<div class=\"elementor-widget-wrap\">\n<div class=\"elementor-element elementor-element-b58bb77 elementor-widget elementor-widget-spacer\" data-id=\"b58bb77\" data-element_type=\"widget\" data-widget_type=\"spacer.default\">\n<h4 class=\"elementor-widget-container\"><\/h4>\n<\/div>\n<\/div>\n<\/div>\n<\/div>\n<\/div>\n<\/div>\n<\/section>\n","protected":false},"featured_media":1032,"template":"","meta":[],"lang":"ro","translations":{"ro":1030,"en":1319},"pll_sync_post":[],"_links":{"self":[{"href":"https:\/\/mkb-system.ro\/index.php\/wp-json\/wp\/v2\/product\/1030"}],"collection":[{"href":"https:\/\/mkb-system.ro\/index.php\/wp-json\/wp\/v2\/product"}],"about":[{"href":"https:\/\/mkb-system.ro\/index.php\/wp-json\/wp\/v2\/types\/product"}],"wp:featuredmedia":[{"embeddable":true,"href":"https:\/\/mkb-system.ro\/index.php\/wp-json\/wp\/v2\/media\/1032"}],"wp:attachment":[{"href":"https:\/\/mkb-system.ro\/index.php\/wp-json\/wp\/v2\/media?parent=1030"}],"curies":[{"name":"wp","href":"https:\/\/api.w.org\/{rel}","templated":true}]}}