{"id":1055,"date":"2020-10-21T23:38:58","date_gmt":"2020-10-21T23:38:58","guid":{"rendered":"https:\/\/mkb-system.ro\/?post_type=product&#038;p=1055"},"modified":"2022-03-15T13:18:10","modified_gmt":"2022-03-15T13:18:10","slug":"c11-dinamometru-isokinetic-pentru-muschi-abductori-adductori","status":"publish","type":"product","link":"https:\/\/mkb-system.ro\/index.php\/produs\/c11-dinamometru-isokinetic-pentru-muschi-abductori-adductori\/","title":{"rendered":"C11 Dinamometru Digital Isokinetic pentru \u0219old\/picior"},"content":{"rendered":"<h4><strong>DINAMOMETRU ISOKINETIC PENTRU \u0218OLD\/PICIOR<\/strong><\/h4>\n<h4>Ofer\u0103 diverse tipuri de proceduri respectiv<strong>\u00a0abduc\u021bia\/adduc\u021bia &amp; rota\u021bia intern\u0103\/extern\u0103 a \u0219oldului<\/strong>. Procedurile pot fi efectuate din diferite unghiuri de pornire. Mi\u0219c\u0103rile se realizeaz\u0103 din clinostatism \u00een \u0219ezut \u0219i invers.<\/h4>\n<h4><img loading=\"lazy\" class=\"alignnone size-medium wp-image-1057\" src=\"https:\/\/mkb-system.ro\/wp-content\/uploads\/2020\/10\/Untitled-design-34-300x300.png\" alt=\"\" width=\"300\" height=\"300\" srcset=\"https:\/\/mkb-system.ro\/wp-content\/uploads\/2020\/10\/Untitled-design-34-300x300.png 300w, https:\/\/mkb-system.ro\/wp-content\/uploads\/2020\/10\/Untitled-design-34-150x150.png 150w, https:\/\/mkb-system.ro\/wp-content\/uploads\/2020\/10\/Untitled-design-34-100x100.png 100w, https:\/\/mkb-system.ro\/wp-content\/uploads\/2020\/10\/Untitled-design-34.png 500w\" sizes=\"(max-width: 300px) 100vw, 300px\" \/><\/h4>\n<h4>Pentru facilitarea mi\u0219c\u0103rii pe C11, sp\u0103tarul este adus automat din pozitia \u0219ezut \u00een pozi\u021bia culcat \u0219i se \u00eentoarce automat \u00een pozi\u021bia \u0219ezut pentru ca mi\u0219carea s\u0103 fie confortabil\u0103 .<\/h4>\n<h4>Aspecte importante:<\/h4>\n<h4>5 set\u0103ri \u0219i fix\u0103ri <span style=\"font-size: 16px\">pentru o postur\u0103 corect\u0103<\/span><\/h4>\n<div class=\"elementor-row\">\n<div class=\"has_eae_slider elementor-element elementor-element-e7506e4 elementor-column elementor-col-25 elementor-top-column\" data-id=\"e7506e4\" data-element_type=\"column\">\n<div class=\"elementor-column-wrap elementor-element-populated\">\n<div class=\"elementor-widget-wrap\">\n<div class=\"elementor-element elementor-element-b1df077 elementor-view-default elementor-position-top elementor-vertical-align-top elementor-widget elementor-widget-icon-box\" data-id=\"b1df077\" data-element_type=\"widget\" data-widget_type=\"icon-box.default\">\n<div class=\"elementor-widget-container\">\n<div class=\"elementor-icon-box-wrapper\">\n<h4 class=\"elementor-icon-box-icon\">2 proceduri \u00eentr-un singur dinamometru isokinetic<\/h4>\n<\/div>\n<\/div>\n<\/div>\n<\/div>\n<\/div>\n<\/div>\n<div class=\"elementor-column-wrap elementor-element-populated\">\n<div class=\"elementor-widget-wrap\">\n<div class=\"elementor-element elementor-element-ddbc0c9 elementor-view-default elementor-position-top elementor-vertical-align-top elementor-widget elementor-widget-icon-box\" data-id=\"ddbc0c9\" data-element_type=\"widget\" data-widget_type=\"icon-box.default\">\n<div class=\"elementor-widget-container\">\n<div class=\"elementor-icon-box-wrapper\">\n<div><\/div>\n<div class=\"elementor-icon-box-icon\">Perne ergonomice spum\u0103 special\u0103 pentru a preveni echimozele<\/div>\n<\/div>\n<\/div>\n<\/div>\n<\/div>\n<\/div>\n<div class=\"elementor-column-wrap elementor-element-populated\">\n<div class=\"elementor-widget-wrap\">\n<div class=\"elementor-element elementor-element-87f4ef5 elementor-view-default elementor-position-top elementor-vertical-align-top elementor-widget elementor-widget-icon-box\" data-id=\"87f4ef5\" data-element_type=\"widget\" data-widget_type=\"icon-box.default\">\n<div class=\"elementor-widget-container\">\n<div class=\"elementor-icon-box-wrapper\">\n<div><\/div>\n<div class=\"elementor-icon-box-icon\">Protec\u021bie pentru umeri \u0219i bra\u021be la nivelul coloanei vertebrale \u0219i a um\u0103rului<\/div>\n<\/div>\n<\/div>\n<\/div>\n<\/div>\n<\/div>\n<\/div>\n<section class=\"has_eae_slider elementor-element elementor-element-4225473 elementor-section-stretched elementor-section-full_width elementor-section-height-default elementor-section-height-default elementor-section elementor-top-section\" data-id=\"4225473\" data-element_type=\"section\" data-settings=\"{&quot;stretch_section&quot;:&quot;section-stretched&quot;,&quot;background_background&quot;:&quot;classic&quot;}\">\n<div class=\"elementor-container elementor-column-gap-default\">\n<div class=\"elementor-row\">\n<div class=\"elementor-element elementor-element-4759cb5 elementor-view-default elementor-position-top elementor-vertical-align-top elementor-widget elementor-widget-icon-box\" data-id=\"4759cb5\" data-element_type=\"widget\" data-widget_type=\"icon-box.default\">\n<div class=\"elementor-widget-container\">\n<div class=\"elementor-icon-box-wrapper\">\n<div class=\"elementor-icon-box-icon\">Pern\u0103 pentru cap pentru stabilizarea coloanei verticale cervicale<\/div>\n<\/div>\n<\/div>\n<\/div>\n<div class=\"elementor-widget-wrap\">\n<div class=\"elementor-element elementor-element-3095005 elementor-view-default elementor-position-top elementor-vertical-align-top elementor-widget elementor-widget-icon-box\" data-id=\"3095005\" data-element_type=\"widget\" data-widget_type=\"icon-box.default\">\n<div class=\"elementor-widget-container\">\n<div class=\"elementor-icon-box-wrapper\">\n<h4 class=\"elementor-icon-box-icon\">Dispozitiv de pretentionare a greut\u0103\u021bilor<\/h4>\n<\/div>\n<\/div>\n<\/div>\n<\/div>\n<div class=\"elementor-widget-wrap\">\n<div class=\"elementor-element elementor-element-aa42f6b elementor-view-default elementor-position-top elementor-vertical-align-top elementor-widget elementor-widget-icon-box\" data-id=\"aa42f6b\" data-element_type=\"widget\" data-widget_type=\"icon-box.default\">\n<div class=\"elementor-widget-container\">\n<div class=\"elementor-icon-box-wrapper\">\n<h4 class=\"elementor-icon-box-icon\">Scanner pentru amprenta biometric\u0103<\/h4>\n<\/div>\n<\/div>\n<\/div>\n<\/div>\n<div class=\"has_eae_slider elementor-element elementor-element-4c760c4 elementor-column elementor-col-25 elementor-top-column\" data-id=\"4c760c4\" data-element_type=\"column\">\n<div class=\"elementor-column-wrap elementor-element-populated\">\n<div class=\"elementor-widget-wrap\">\n<div class=\"elementor-element elementor-element-7b2d753 elementor-view-default elementor-position-top elementor-vertical-align-top elementor-widget elementor-widget-icon-box\" data-id=\"7b2d753\" data-element_type=\"widget\" data-widget_type=\"icon-box.default\">\n<div class=\"elementor-widget-container\">\n<div class=\"elementor-icon-box-wrapper\">\n<h4>Sistem inteligent de m\u0103surare a procedurilor<\/h4>\n<h4>Proceduri:<\/h4>\n<h4 class=\"title\"><span class=\"lead\">PROCEDURA<\/span>\u00a0PENTRU ABDUC\u021aIE\/ADDUC\u021aIE<\/h4>\n<h4>Cu procedura de Adduc\u021bie are loc procesul de mi\u0219care de la Abduc\u021bie la Adduc\u021bie. Aici, sunt ac\u021biona\u021bi mu\u0219chii regiunii mediale a coapsei. Sp\u0103tarul poate fi reglat \u00een mod continuu de la pozi\u021bie orizontal\u0103 la cea \u00een \u0219ezut. Unghiul reglabil al genunchiului cu sprijin pentru picior determina for\u021ba exercitat\u0103 asupra mu\u0219chilor scur\u021bi \u0219i lungi adductori.<\/h4>\n<h4><img loading=\"lazy\" class=\"alignnone size-medium wp-image-1058\" src=\"https:\/\/mkb-system.ro\/wp-content\/uploads\/2020\/10\/c11-procedura1-transparent-300x196.png\" alt=\"\" width=\"300\" height=\"196\" srcset=\"https:\/\/mkb-system.ro\/wp-content\/uploads\/2020\/10\/c11-procedura1-transparent-300x196.png 300w, https:\/\/mkb-system.ro\/wp-content\/uploads\/2020\/10\/c11-procedura1-transparent.png 359w\" sizes=\"(max-width: 300px) 100vw, 300px\" \/><\/h4>\n<h4 class=\"title\"><span class=\"lead\">PROCEDURA<\/span>\u00a0PENTRU ROTA\u021aIE<\/h4>\n<h4>Cu C11 se actioneaz\u0103 asupra musculaturii fesiere \u0219i a coapselor \u00eentr-o singur\u0103 procedur\u0103. Datorit\u0103 pozi\u021biilor diferite ale sp\u0103tarului, accesibilitatea la nivelul grupelor musculare este sporit\u0103. Sp\u0103tarul poate fi reglat \u00een mod continuu de la pozi\u021bia orizontal\u0103 la cea vertical\u0103. Unghiul reglabil al genunchiului cu sprijin pentru picior determin\u0103 for\u021ba exercitat\u0103 asupra mu\u0219chilor abductori.<\/h4>\n<h4><img loading=\"lazy\" class=\"alignnone size-medium wp-image-1059\" src=\"https:\/\/mkb-system.ro\/wp-content\/uploads\/2020\/10\/c11-procedura2-transparent-300x192.png\" alt=\"\" width=\"300\" height=\"192\" srcset=\"https:\/\/mkb-system.ro\/wp-content\/uploads\/2020\/10\/c11-procedura2-transparent-300x192.png 300w, https:\/\/mkb-system.ro\/wp-content\/uploads\/2020\/10\/c11-procedura2-transparent.png 362w\" sizes=\"(max-width: 300px) 100vw, 300px\" \/><\/h4>\n<\/div>\n<\/div>\n<\/div>\n<\/div>\n<\/div>\n<\/div>\n<\/div>\n<\/div>\n<\/section>\n","protected":false},"excerpt":{"rendered":"<div class=\"elementor-element elementor-element-88c5b22 elementor-widget elementor-widget-heading\" data-id=\"88c5b22\" data-element_type=\"widget\" data-widget_type=\"heading.default\">\n<div class=\"elementor-widget-container\"><strong>Proceduri complet automatizate &#8211; reglaje \u0219i fix\u0103ri<\/strong><\/div>\n<\/div>\n<div class=\"elementor-widget-container\">\n<ul class=\"elementor-icon-list-items\">\n<li class=\"elementor-icon-list-item\"><strong><i class=\"fas fa-check\" aria-hidden=\"true\"><\/i><span class=\"elementor-icon-list-text\">Reglare automat\u0103 a sarcinii de lucru \u0219i dispozitiv de pretensionare a greut\u0103\u021bii patentat MKB-System<\/span><\/strong><\/li>\n<li class=\"elementor-icon-list-item\"><strong><i class=\"fas fa-check\" aria-hidden=\"true\"><\/i><span class=\"elementor-icon-list-text\">Monitor rotativ de 17 inch<\/span><\/strong><\/li>\n<li class=\"elementor-icon-list-item\"><strong><i class=\"fas fa-check\" aria-hidden=\"true\"><\/i><span class=\"elementor-icon-list-text\">Amprent\u0103 biometric\u0103<\/span><\/strong><\/li>\n<li class=\"elementor-icon-list-item\"><strong><i class=\"fas fa-check\" aria-hidden=\"true\"><\/i><span class=\"elementor-icon-list-text\">Suport picioare reglabil \u0219i deta\u0219abil<\/span><\/strong><\/li>\n<li class=\"elementor-icon-list-item\"><strong><i class=\"fas fa-check\" aria-hidden=\"true\"><\/i><span class=\"elementor-icon-list-text\">Transmisie electronic\u0103 resetabil\u0103 pentru abduc\u021bie, adduc\u021bie<\/span><\/strong><\/li>\n<li class=\"elementor-icon-list-item\"><strong><i class=\"fas fa-check\" aria-hidden=\"true\"><\/i><span class=\"elementor-icon-list-text\">Fixarea picioarelor<\/span><\/strong><\/li>\n<li class=\"elementor-icon-list-item\"><strong><i class=\"fas fa-check\" aria-hidden=\"true\"><\/i><span class=\"elementor-icon-list-text\">Suport reglabil \u0219i deta\u0219abil<\/span><\/strong><\/li>\n<li class=\"elementor-icon-list-item\"><strong><i class=\"fas fa-check\" aria-hidden=\"true\"><\/i><span class=\"elementor-icon-list-text\">Pern\u0103 pentru ajustarea unghiului piciorului<\/span><\/strong><\/li>\n<li class=\"elementor-icon-list-item\"><strong><i class=\"fas fa-check\" aria-hidden=\"true\"><\/i><span class=\"elementor-icon-list-text\">Suport suplimentar pentru picioare, sistem \u00eenchis<\/span><\/strong><\/li>\n<li class=\"elementor-icon-list-item\"><strong><i class=\"fas fa-check\" aria-hidden=\"true\"><\/i><span class=\"elementor-icon-list-text\">Bra\u021b mobil reglabil<\/span><\/strong><\/li>\n<\/ul>\n<\/div>\n<p><strong>DIMENSIUNI: lungime: 180cm \/ l\u0103\u021bime: 100 cm \/ \u00een\u0103l\u021bime: 200 cm<\/strong><\/p>\n<p><strong>SUPRAFA\u021aA DE AMPLASARE: cca. 2m2<\/strong><\/p>\n<p><strong>GREUTATE: 350kg<\/strong><\/p>\n<p><strong>CONSUMUL DE ENERGIE: 3 euro \/ lun\u0103<\/strong><\/p>\n<p><strong>COMPUTER: PC integrat, inclusiv software-ul u\u0219or de controlat \u0219i monitor touchscreen de 17 inch<\/strong><\/p>\n<section class=\"has_eae_slider elementor-element elementor-element-4225473 elementor-section-stretched elementor-section-full_width elementor-section-height-default elementor-section-height-default elementor-section elementor-top-section\" data-id=\"4225473\" data-element_type=\"section\" data-settings=\"{&quot;stretch_section&quot;:&quot;section-stretched&quot;,&quot;background_background&quot;:&quot;classic&quot;}\">\n<div class=\"elementor-container elementor-column-gap-default\">\n<div class=\"elementor-row\">\n<div class=\"has_eae_slider elementor-element elementor-element-4c760c4 elementor-column elementor-col-25 elementor-top-column\" data-id=\"4c760c4\" data-element_type=\"column\">\n<div class=\"elementor-column-wrap elementor-element-populated\">\n<div class=\"elementor-widget-wrap\">\n<div class=\"elementor-element elementor-element-7b2d753 elementor-view-default elementor-position-top elementor-vertical-align-top elementor-widget elementor-widget-icon-box\" data-id=\"7b2d753\" data-element_type=\"widget\" data-widget_type=\"icon-box.default\">\n<div class=\"elementor-widget-container\">\n<div class=\"elementor-icon-box-wrapper\">\n<h4><\/h4>\n<\/div>\n<\/div>\n<\/div>\n<\/div>\n<\/div>\n<\/div>\n<\/div>\n<\/div>\n<\/section>\n","protected":false},"featured_media":1056,"template":"","meta":[],"lang":"ro","translations":{"en":1309,"ro":1055},"pll_sync_post":[],"_links":{"self":[{"href":"https:\/\/mkb-system.ro\/index.php\/wp-json\/wp\/v2\/product\/1055"}],"collection":[{"href":"https:\/\/mkb-system.ro\/index.php\/wp-json\/wp\/v2\/product"}],"about":[{"href":"https:\/\/mkb-system.ro\/index.php\/wp-json\/wp\/v2\/types\/product"}],"wp:featuredmedia":[{"embeddable":true,"href":"https:\/\/mkb-system.ro\/index.php\/wp-json\/wp\/v2\/media\/1056"}],"wp:attachment":[{"href":"https:\/\/mkb-system.ro\/index.php\/wp-json\/wp\/v2\/media?parent=1055"}],"curies":[{"name":"wp","href":"https:\/\/api.w.org\/{rel}","templated":true}]}}