{"id":1060,"date":"2020-10-21T23:46:06","date_gmt":"2020-10-21T23:46:06","guid":{"rendered":"https:\/\/mkb-system.ro\/?post_type=product&#038;p=1060"},"modified":"2022-03-15T13:17:32","modified_gmt":"2022-03-15T13:17:32","slug":"c20-dinamometru-isokinetic-pentru-piept-umeri-spate","status":"publish","type":"product","link":"https:\/\/mkb-system.ro\/index.php\/produs\/c20-dinamometru-isokinetic-pentru-piept-umeri-spate\/","title":{"rendered":"C20 Dinamometru Digital Isokinetic pentru piept\/spate\/umeri"},"content":{"rendered":"<h4><strong>DINAMOMETRU ISOKINETIC PENTRU PIEPT \/ UMERI &#8211; SPATE<\/strong><\/h4>\n<h4>Ofer\u0103 dou\u0103 tipuri de proceduri respectiv <strong>extensia\/ rota\u021bia um\u0103rului<\/strong>. Este un exerci\u021biu de baz\u0103 cu ac\u021biune asupra mu\u0219chilor pectorali, a musculaturii regiunii superioare a um\u0103rului \u0219i regiunii mediene a spatelui.<\/h4>\n<h4><img loading=\"lazy\" class=\"alignnone size-medium wp-image-1062\" src=\"https:\/\/mkb-system.ro\/wp-content\/uploads\/2020\/10\/Untitled-design-35-300x300.png\" alt=\"\" width=\"300\" height=\"300\" srcset=\"https:\/\/mkb-system.ro\/wp-content\/uploads\/2020\/10\/Untitled-design-35-300x300.png 300w, https:\/\/mkb-system.ro\/wp-content\/uploads\/2020\/10\/Untitled-design-35-150x150.png 150w, https:\/\/mkb-system.ro\/wp-content\/uploads\/2020\/10\/Untitled-design-35-100x100.png 100w, https:\/\/mkb-system.ro\/wp-content\/uploads\/2020\/10\/Untitled-design-35.png 500w\" sizes=\"(max-width: 300px) 100vw, 300px\" \/><\/h4>\n<h4>Aspecte importante:<\/h4>\n<div class=\"elementor-container elementor-column-gap-default\">\n<div class=\"elementor-row\">\n<div class=\"has_eae_slider elementor-element elementor-element-2dabe69 elementor-column elementor-col-25 elementor-top-column\" data-id=\"2dabe69\" data-element_type=\"column\">\n<div class=\"elementor-column-wrap elementor-element-populated\">\n<div class=\"elementor-widget-wrap\">\n<div class=\"elementor-element elementor-element-edea0b2 elementor-view-default elementor-position-top elementor-vertical-align-top elementor-widget elementor-widget-icon-box\" data-id=\"edea0b2\" data-element_type=\"widget\" data-widget_type=\"icon-box.default\">\n<div class=\"elementor-widget-container\">\n<div class=\"elementor-icon-box-wrapper\">\n<div class=\"elementor-icon-box-content\">\n<h3 class=\"elementor-icon-box-title\">5 set\u0103ri \u0219i fix\u0103ri pentru o postur\u0103 corect\u0103<\/h3>\n<\/div>\n<\/div>\n<\/div>\n<\/div>\n<\/div>\n<\/div>\n<\/div>\n<div class=\"has_eae_slider elementor-element elementor-element-e7506e4 elementor-column elementor-col-25 elementor-top-column\" data-id=\"e7506e4\" data-element_type=\"column\">\n<div class=\"elementor-column-wrap elementor-element-populated\">\n<div class=\"elementor-widget-wrap\">\n<div class=\"elementor-element elementor-element-b1df077 elementor-view-default elementor-position-top elementor-vertical-align-top elementor-widget elementor-widget-icon-box\" data-id=\"b1df077\" data-element_type=\"widget\" data-widget_type=\"icon-box.default\">\n<div class=\"elementor-widget-container\">\n<div class=\"elementor-icon-box-wrapper\">\n<div class=\"elementor-icon-box-icon\"><\/div>\n<div class=\"elementor-icon-box-content\">\n<h3 class=\"elementor-icon-box-title\">2 proceduri \u00eentr-un singur dinamometru isokinetic<\/h3>\n<\/div>\n<\/div>\n<\/div>\n<\/div>\n<\/div>\n<\/div>\n<\/div>\n<div class=\"has_eae_slider elementor-element elementor-element-20bb72e elementor-column elementor-col-25 elementor-top-column\" data-id=\"20bb72e\" data-element_type=\"column\">\n<div class=\"elementor-column-wrap elementor-element-populated\">\n<div class=\"elementor-widget-wrap\">\n<div class=\"elementor-element elementor-element-ddbc0c9 elementor-view-default elementor-position-top elementor-vertical-align-top elementor-widget elementor-widget-icon-box\" data-id=\"ddbc0c9\" data-element_type=\"widget\" data-widget_type=\"icon-box.default\">\n<div class=\"elementor-widget-container\">\n<div class=\"elementor-icon-box-wrapper\">\n<div class=\"elementor-icon-box-icon\"><\/div>\n<div class=\"elementor-icon-box-content\">\n<h3 class=\"elementor-icon-box-title\">Perne ergonomice spum\u0103 special\u0103 pentru a preveni echimozele<\/h3>\n<\/div>\n<\/div>\n<\/div>\n<\/div>\n<\/div>\n<\/div>\n<\/div>\n<div class=\"has_eae_slider elementor-element elementor-element-f1d1301 elementor-column elementor-col-25 elementor-top-column\" data-id=\"f1d1301\" data-element_type=\"column\">\n<div class=\"elementor-column-wrap elementor-element-populated\">\n<div class=\"elementor-widget-wrap\">\n<div class=\"elementor-element elementor-element-87f4ef5 elementor-view-default elementor-position-top elementor-vertical-align-top elementor-widget elementor-widget-icon-box\" data-id=\"87f4ef5\" data-element_type=\"widget\" data-widget_type=\"icon-box.default\">\n<div class=\"elementor-widget-container\">\n<div class=\"elementor-icon-box-wrapper\">\n<div class=\"elementor-icon-box-icon\"><\/div>\n<div class=\"elementor-icon-box-content\">\n<h3 class=\"elementor-icon-box-title\">Protec\u021bie pentru umeri \u0219i bra\u021be la nivelul coloanei vertebrale \u0219i a um\u0103rului<\/h3>\n<\/div>\n<\/div>\n<\/div>\n<\/div>\n<\/div>\n<\/div>\n<\/div>\n<\/div>\n<\/div>\n<section class=\"has_eae_slider elementor-element elementor-element-4225473 elementor-section-stretched elementor-section-full_width elementor-section-height-default elementor-section-height-default elementor-section elementor-top-section\" data-id=\"4225473\" data-element_type=\"section\" data-settings=\"{&quot;stretch_section&quot;:&quot;section-stretched&quot;,&quot;background_background&quot;:&quot;classic&quot;}\">\n<div class=\"elementor-container elementor-column-gap-default\">\n<div class=\"elementor-row\">\n<div class=\"elementor-column-wrap elementor-element-populated\">\n<div class=\"elementor-widget-wrap\">\n<div class=\"elementor-element elementor-element-4759cb5 elementor-view-default elementor-position-top elementor-vertical-align-top elementor-widget elementor-widget-icon-box\" data-id=\"4759cb5\" data-element_type=\"widget\" data-widget_type=\"icon-box.default\">\n<div class=\"elementor-widget-container\">\n<div class=\"elementor-icon-box-wrapper\">\n<div class=\"elementor-icon-box-icon\"><\/div>\n<div class=\"elementor-icon-box-content\">\n<h3 class=\"elementor-icon-box-title\">Pern\u0103 pentru cap pentru stabilizarea coloanei verticale cervicale<\/h3>\n<\/div>\n<\/div>\n<\/div>\n<\/div>\n<\/div>\n<\/div>\n<div class=\"elementor-column-wrap elementor-element-populated\">\n<div class=\"elementor-widget-wrap\">\n<div class=\"elementor-element elementor-element-3095005 elementor-view-default elementor-position-top elementor-vertical-align-top elementor-widget elementor-widget-icon-box\" data-id=\"3095005\" data-element_type=\"widget\" data-widget_type=\"icon-box.default\">\n<div class=\"elementor-widget-container\">\n<div class=\"elementor-icon-box-wrapper\">\n<div class=\"elementor-icon-box-icon\"><\/div>\n<div class=\"elementor-icon-box-content\">\n<h3 class=\"elementor-icon-box-title\">Dispozitiv de pretentionare a greut\u0103\u021bilor<\/h3>\n<\/div>\n<\/div>\n<\/div>\n<\/div>\n<\/div>\n<\/div>\n<div class=\"elementor-column-wrap elementor-element-populated\">\n<div class=\"elementor-widget-wrap\">\n<div class=\"elementor-element elementor-element-aa42f6b elementor-view-default elementor-position-top elementor-vertical-align-top elementor-widget elementor-widget-icon-box\" data-id=\"aa42f6b\" data-element_type=\"widget\" data-widget_type=\"icon-box.default\">\n<div class=\"elementor-widget-container\">\n<div class=\"elementor-icon-box-wrapper\">\n<div class=\"elementor-icon-box-icon\"><\/div>\n<div class=\"elementor-icon-box-content\">\n<h3 class=\"elementor-icon-box-title\">Scanner pentru amprenta biometric\u0103<\/h3>\n<\/div>\n<\/div>\n<\/div>\n<\/div>\n<\/div>\n<\/div>\n<div class=\"has_eae_slider elementor-element elementor-element-4c760c4 elementor-column elementor-col-25 elementor-top-column\" data-id=\"4c760c4\" data-element_type=\"column\">\n<div class=\"elementor-column-wrap elementor-element-populated\">\n<div class=\"elementor-widget-wrap\">\n<div class=\"elementor-element elementor-element-7b2d753 elementor-view-default elementor-position-top elementor-vertical-align-top elementor-widget elementor-widget-icon-box\" data-id=\"7b2d753\" data-element_type=\"widget\" data-widget_type=\"icon-box.default\">\n<div class=\"elementor-widget-container\">\n<div class=\"elementor-icon-box-wrapper\">\n<h4 class=\"elementor-icon-box-icon\"><\/h4>\n<div class=\"elementor-icon-box-content\">\n<h4 class=\"elementor-icon-box-title\">Sistem inteligent de m\u0103surare a procedurilor<\/h4>\n<h4>Proceduri:<\/h4>\n<h4 class=\"title\"><span class=\"lead\">PROCEDURI<\/span>\u00a0PENTRU MUSCULATURA PIEPTULUI (PECTORALI)<\/h4>\n<h4>Aceast\u0103 procedur\u0103 este important\u0103 pentru stabilizarea musculaturii pectorale. Cu ajutorul diferitelor m\u00e2nere de prindere pe l\u00e2ng\u0103 musculatura pectoral\u0103 se ac\u021bioneaz\u0103 asupra mu\u0219chilor extensori\/ rotatori ai bra\u021bului.<\/h4>\n<h4><img loading=\"lazy\" class=\"alignnone size-full wp-image-1063\" src=\"https:\/\/mkb-system.ro\/wp-content\/uploads\/2020\/10\/c20-procedura1-transparent.png\" alt=\"\" width=\"294\" height=\"228\" \/><\/h4>\n<h4 class=\"title\"><span class=\"lead\">PROCEDURA<\/span>\u00a0PENTRU MUSCULATURA UMERILOR SI SPATELUI<\/h4>\n<h4>Aceast\u0103 procedur\u0103 este important\u0103 pentru stabilizarea coloanei vertebrale. Prin intermediul m\u00e2nerelor diferite de prindere se ac\u021bioneaz\u0103 asupra centurii scapulo-humerale, regiunii mediene a spatelui \u0219i \u00een special asupra mu\u0219chilor\u00a0 flexori\/ extensori \u0219i rotatori ai bra\u021bului<\/h4>\n<h4><img loading=\"lazy\" class=\"alignnone size-medium wp-image-1064\" src=\"https:\/\/mkb-system.ro\/wp-content\/uploads\/2020\/10\/c20-procedura2-transparent-300x222.png\" alt=\"\" width=\"300\" height=\"222\" srcset=\"https:\/\/mkb-system.ro\/wp-content\/uploads\/2020\/10\/c20-procedura2-transparent-300x222.png 300w, https:\/\/mkb-system.ro\/wp-content\/uploads\/2020\/10\/c20-procedura2-transparent.png 344w\" sizes=\"(max-width: 300px) 100vw, 300px\" \/><\/h4>\n<\/div>\n<\/div>\n<\/div>\n<\/div>\n<\/div>\n<\/div>\n<\/div>\n<\/div>\n<\/div>\n<\/section>\n","protected":false},"excerpt":{"rendered":"<div class=\"elementor-element elementor-element-88c5b22 elementor-widget elementor-widget-heading\" data-id=\"88c5b22\" data-element_type=\"widget\" data-widget_type=\"heading.default\">\n<div class=\"elementor-widget-container\">\n<h4 class=\"elementor-heading-title elementor-size-default\"><strong>Proceduri complet automatizate &#8211; reglaje \u0219i fix\u0103ri<\/strong><\/h4>\n<\/div>\n<\/div>\n<div class=\"elementor-widget-container\">\n<ul class=\"elementor-icon-list-items\">\n<li class=\"elementor-icon-list-item\"><strong><i class=\"fas fa-check\" aria-hidden=\"true\"><\/i><span class=\"elementor-icon-list-text\">Reglare automat\u0103 a sarcinii de lucru \u0219i dispozitiv de pretensionare a greut\u0103\u021bii patentat MKB-System<\/span><\/strong><\/li>\n<li class=\"elementor-icon-list-item\"><strong><i class=\"fas fa-check\" aria-hidden=\"true\"><\/i><span class=\"elementor-icon-list-text\">Fixare CVC<\/span><\/strong><\/li>\n<li class=\"elementor-icon-list-item\"><strong><i class=\"fas fa-check\" aria-hidden=\"true\"><\/i><span class=\"elementor-icon-list-text\">Reglare automat\u0103 a sp\u0103tarului<\/span><\/strong><\/li>\n<li class=\"elementor-icon-list-item\"><strong><i class=\"fas fa-check\" aria-hidden=\"true\"><\/i><span class=\"elementor-icon-list-text\">M\u00e2nere ergonomice pentru membrele superioare<\/span><\/strong><\/li>\n<li class=\"elementor-icon-list-item\"><strong><i class=\"fas fa-check\" aria-hidden=\"true\"><\/i><span class=\"elementor-icon-list-text\">Ajustare automat\u0103 a \u00een\u0103l\u021bimii scaunului<\/span><\/strong><\/li>\n<li class=\"elementor-icon-list-item\"><strong><i class=\"fas fa-check\" aria-hidden=\"true\"><\/i><span class=\"elementor-icon-list-text\">Reglarea pe \u00een\u0103l\u021bime a membrelor inferioare<\/span><\/strong><\/li>\n<li class=\"elementor-icon-list-item\"><strong><i class=\"fas fa-check\" aria-hidden=\"true\"><\/i><span class=\"elementor-icon-list-text\">Suport suplimentar pentru picioare<\/span><\/strong><\/li>\n<li class=\"elementor-icon-list-item\"><strong><i class=\"fas fa-check\" aria-hidden=\"true\"><\/i><span class=\"elementor-icon-list-text\">Fixare automat\u0103 a membrelor inferioare<\/span><\/strong><\/li>\n<li class=\"elementor-icon-list-item\"><strong><i class=\"fas fa-check\" aria-hidden=\"true\"><\/i><span class=\"elementor-icon-list-text\">Bra\u021b mobil reglabil<\/span><\/strong><\/li>\n<li class=\"elementor-icon-list-item\"><strong><i class=\"fas fa-check\" aria-hidden=\"true\"><\/i><span class=\"elementor-icon-list-text\">Monitor rotativ de 17 inch<\/span><\/strong><\/li>\n<li class=\"elementor-icon-list-item\"><strong><i class=\"fas fa-check\" aria-hidden=\"true\"><\/i><span class=\"elementor-icon-list-text\">Amprent\u0103 biometric\u0103<\/span><\/strong><\/li>\n<\/ul>\n<\/div>\n<h4><strong>DIMENSIUNI: lungime: 170cm \/ l\u0103\u021bime: 160 cm \/ \u00een\u0103l\u021bime: 205 cm<\/strong><\/h4>\n<h4><strong>SUPRAFA\u021aA DE AMPLASARE: cca. 3m2<\/strong><\/h4>\n<h4><strong>GREUTATE: 400kg<\/strong><\/h4>\n<h4><strong>CONSUMUL DE ENERGIE: 3 euro \/ lun\u0103<\/strong><\/h4>\n<h4><strong>COMPUTER: PC integrat, inclusiv software-ul u\u0219or de controlat \u0219i monitor touchscreen de 17 inch\u00a0<\/strong><\/h4>\n<section class=\"has_eae_slider elementor-element elementor-element-4225473 elementor-section-stretched elementor-section-full_width elementor-section-height-default elementor-section-height-default elementor-section elementor-top-section\" data-id=\"4225473\" data-element_type=\"section\" data-settings=\"{&quot;stretch_section&quot;:&quot;section-stretched&quot;,&quot;background_background&quot;:&quot;classic&quot;}\">\n<div class=\"elementor-container elementor-column-gap-default\">\n<div class=\"elementor-row\">\n<div class=\"has_eae_slider elementor-element elementor-element-4c760c4 elementor-column elementor-col-25 elementor-top-column\" data-id=\"4c760c4\" data-element_type=\"column\">\n<div class=\"elementor-column-wrap elementor-element-populated\">\n<div class=\"elementor-widget-wrap\">\n<div class=\"elementor-element elementor-element-7b2d753 elementor-view-default elementor-position-top elementor-vertical-align-top elementor-widget elementor-widget-icon-box\" data-id=\"7b2d753\" data-element_type=\"widget\" data-widget_type=\"icon-box.default\">\n<div class=\"elementor-widget-container\">\n<div class=\"elementor-icon-box-wrapper\">\n<div class=\"elementor-icon-box-content\">\n<h4><\/h4>\n<\/div>\n<\/div>\n<\/div>\n<\/div>\n<\/div>\n<\/div>\n<\/div>\n<\/div>\n<\/div>\n<\/section>\n","protected":false},"featured_media":1061,"template":"","meta":[],"lang":"ro","translations":{"en":1307,"ro":1060},"pll_sync_post":[],"_links":{"self":[{"href":"https:\/\/mkb-system.ro\/index.php\/wp-json\/wp\/v2\/product\/1060"}],"collection":[{"href":"https:\/\/mkb-system.ro\/index.php\/wp-json\/wp\/v2\/product"}],"about":[{"href":"https:\/\/mkb-system.ro\/index.php\/wp-json\/wp\/v2\/types\/product"}],"wp:featuredmedia":[{"embeddable":true,"href":"https:\/\/mkb-system.ro\/index.php\/wp-json\/wp\/v2\/media\/1061"}],"wp:attachment":[{"href":"https:\/\/mkb-system.ro\/index.php\/wp-json\/wp\/v2\/media?parent=1060"}],"curies":[{"name":"wp","href":"https:\/\/api.w.org\/{rel}","templated":true}]}}