{"id":1070,"date":"2020-10-21T23:56:01","date_gmt":"2020-10-21T23:56:01","guid":{"rendered":"https:\/\/mkb-system.ro\/?post_type=product&#038;p=1070"},"modified":"2022-03-15T13:17:13","modified_gmt":"2022-03-15T13:17:13","slug":"c18-dinamometru-isokinetic-pentru-coloana-cervicala-toracica","status":"publish","type":"product","link":"https:\/\/mkb-system.ro\/index.php\/produs\/c18-dinamometru-isokinetic-pentru-coloana-cervicala-toracica\/","title":{"rendered":"C18 Dinamometru Digital Isokinetic pentru coloana cervical\u0103 \/ toracic\u0103"},"content":{"rendered":"<h4><strong>DINAMOMETRU ISOKINETIC PENTRU COLOANA CERVICAL\u0102\/TORACIC\u0102<\/strong><\/h4>\n<h4>C 18 ac\u021bioneaza asupra \u00eentregului lan\u021b muscular al CVC \u00eentr-un exerci\u021biu 2D<\/h4>\n<h4>\u00a0Procedura 2D poate \u00eencepe din diferite unghiuri de pornire.<\/h4>\n<h4>\u00cenainte de \u00eenceperea procedurii pacientul va fi pozitionat cu flexia coapsei pe bazin \u0219i flexia gambei pe coaps\u0103 la 90\u00b0.<\/h4>\n<h4><img loading=\"lazy\" class=\"alignnone size-full wp-image-1072\" src=\"https:\/\/mkb-system.ro\/wp-content\/uploads\/2020\/10\/c18-muschi1-transparent.png\" alt=\"\" width=\"244\" height=\"291\" \/><\/h4>\n<h4>Acest dinamometru isokinetic este caracterizat prin faptul c\u0103, at\u00e2t CVC c\u00e2t \u0219i CVT sunt \u00een pozi\u021bia zero. Doar pozitia zero asigur\u0103 efectuarea corecta a procedurilor, acesta fiind principiul de baza al Dinamometrului Isokinetic C18. Mi\u0219carea de\u00a0<strong>flexie \u0219i extensie\u00a0<\/strong>sta la baza procedurilor. Se asigur\u0103 astfel corectarea cifozei coloanei toracice \u0219i a coloanei cervicale la nivel C6 si C7. (mi\u0219care de extensie) \u00cen mod automat, segmentele r\u0103mase, care se extind, intr\u0103 \u00eentr-o pozi\u021bie de flexie, garant\u00e2nd astfel libertate de mi\u0219care a CVC.<\/h4>\n<h4><img loading=\"lazy\" class=\"alignnone size-full wp-image-1075\" src=\"https:\/\/mkb-system.ro\/wp-content\/uploads\/2020\/10\/c18-muschi2-transparent-1.png\" alt=\"\" width=\"243\" height=\"282\" \/><\/h4>\n<h4>Aspecte importante:<\/h4>\n<div class=\"elementor-row\">\n<div class=\"has_eae_slider elementor-element elementor-element-2dabe69 elementor-column elementor-col-25 elementor-top-column\" data-id=\"2dabe69\" data-element_type=\"column\">\n<div class=\"elementor-column-wrap elementor-element-populated\">\n<div class=\"elementor-widget-wrap\">\n<div class=\"elementor-element elementor-element-edea0b2 elementor-view-default elementor-position-top elementor-vertical-align-top elementor-widget elementor-widget-icon-box\" data-id=\"edea0b2\" data-element_type=\"widget\" data-widget_type=\"icon-box.default\">\n<div class=\"elementor-widget-container\">\n<div class=\"elementor-icon-box-wrapper\">\n<div class=\"elementor-icon-box-content\">\n<h3 class=\"elementor-icon-box-title\">4 set\u0103ri \u0219i fix\u0103ri pentru o postur\u0103 corect\u0103<\/h3>\n<\/div>\n<\/div>\n<\/div>\n<\/div>\n<\/div>\n<\/div>\n<\/div>\n<div class=\"has_eae_slider elementor-element elementor-element-e7506e4 elementor-column elementor-col-25 elementor-top-column\" data-id=\"e7506e4\" data-element_type=\"column\">\n<div class=\"elementor-column-wrap elementor-element-populated\">\n<div class=\"elementor-widget-wrap\">\n<div class=\"elementor-element elementor-element-b1df077 elementor-view-default elementor-position-top elementor-vertical-align-top elementor-widget elementor-widget-icon-box\" data-id=\"b1df077\" data-element_type=\"widget\" data-widget_type=\"icon-box.default\">\n<div class=\"elementor-widget-container\">\n<div class=\"elementor-icon-box-wrapper\">\n<div class=\"elementor-icon-box-icon\"><\/div>\n<div class=\"elementor-icon-box-content\">\n<h3 class=\"elementor-icon-box-title\">2 proceduri \u00eentr-un singur dinamometru isokinetic<\/h3>\n<\/div>\n<\/div>\n<\/div>\n<\/div>\n<\/div>\n<\/div>\n<\/div>\n<div class=\"has_eae_slider elementor-element elementor-element-20bb72e elementor-column elementor-col-25 elementor-top-column\" data-id=\"20bb72e\" data-element_type=\"column\">\n<div class=\"elementor-column-wrap elementor-element-populated\">\n<div class=\"elementor-widget-wrap\">\n<div class=\"elementor-element elementor-element-ddbc0c9 elementor-view-default elementor-position-top elementor-vertical-align-top elementor-widget elementor-widget-icon-box\" data-id=\"ddbc0c9\" data-element_type=\"widget\" data-widget_type=\"icon-box.default\">\n<div class=\"elementor-widget-container\">\n<div class=\"elementor-icon-box-wrapper\">\n<div class=\"elementor-icon-box-icon\"><\/div>\n<div class=\"elementor-icon-box-content\">\n<h3 class=\"elementor-icon-box-title\">Perne ergonomice spum\u0103 special\u0103 pentru a preveni echimozele<\/h3>\n<\/div>\n<\/div>\n<\/div>\n<\/div>\n<\/div>\n<\/div>\n<\/div>\n<div class=\"has_eae_slider elementor-element elementor-element-f1d1301 elementor-column elementor-col-25 elementor-top-column\" data-id=\"f1d1301\" data-element_type=\"column\">\n<div class=\"elementor-column-wrap elementor-element-populated\">\n<div class=\"elementor-widget-wrap\">\n<div class=\"elementor-element elementor-element-87f4ef5 elementor-view-default elementor-position-top elementor-vertical-align-top elementor-widget elementor-widget-icon-box\" data-id=\"87f4ef5\" data-element_type=\"widget\" data-widget_type=\"icon-box.default\">\n<div class=\"elementor-widget-container\">\n<div class=\"elementor-icon-box-wrapper\">\n<div class=\"elementor-icon-box-icon\"><\/div>\n<div class=\"elementor-icon-box-content\">\n<h3 class=\"elementor-icon-box-title\">Protec\u021bie pentru umeri \u0219i bra\u021be la nivelul coloanei vertebrale \u0219i a um\u0103rului<\/h3>\n<\/div>\n<\/div>\n<\/div>\n<\/div>\n<\/div>\n<\/div>\n<\/div>\n<\/div>\n<div class=\"elementor-row\">\n<div class=\"has_eae_slider elementor-element elementor-element-a86707f elementor-column elementor-col-25 elementor-top-column\" data-id=\"a86707f\" data-element_type=\"column\">\n<div class=\"elementor-column-wrap elementor-element-populated\">\n<div class=\"elementor-widget-wrap\">\n<div class=\"elementor-element elementor-element-4759cb5 elementor-view-default elementor-position-top elementor-vertical-align-top elementor-widget elementor-widget-icon-box\" data-id=\"4759cb5\" data-element_type=\"widget\" data-widget_type=\"icon-box.default\">\n<div class=\"elementor-widget-container\">\n<div class=\"elementor-icon-box-wrapper\">\n<div class=\"elementor-icon-box-icon\"><\/div>\n<div class=\"elementor-icon-box-content\">\n<h3 class=\"elementor-icon-box-title\">Pern\u0103 pentru cap pentru stabilizarea coloanei verticale cervicale<\/h3>\n<\/div>\n<\/div>\n<\/div>\n<\/div>\n<\/div>\n<\/div>\n<\/div>\n<div class=\"has_eae_slider elementor-element elementor-element-5a53476 elementor-column elementor-col-25 elementor-top-column\" data-id=\"5a53476\" data-element_type=\"column\">\n<div class=\"elementor-column-wrap elementor-element-populated\">\n<div class=\"elementor-widget-wrap\">\n<div class=\"elementor-element elementor-element-3095005 elementor-view-default elementor-position-top elementor-vertical-align-top elementor-widget elementor-widget-icon-box\" data-id=\"3095005\" data-element_type=\"widget\" data-widget_type=\"icon-box.default\">\n<div class=\"elementor-widget-container\">\n<div class=\"elementor-icon-box-wrapper\">\n<div class=\"elementor-icon-box-icon\"><\/div>\n<div class=\"elementor-icon-box-content\">\n<h3 class=\"elementor-icon-box-title\">Dispozitiv de pretentionare a greut\u0103\u021bilor<\/h3>\n<\/div>\n<\/div>\n<\/div>\n<\/div>\n<\/div>\n<\/div>\n<\/div>\n<div class=\"has_eae_slider elementor-element elementor-element-c1627b5 elementor-column elementor-col-25 elementor-top-column\" data-id=\"c1627b5\" data-element_type=\"column\">\n<div class=\"elementor-column-wrap elementor-element-populated\">\n<div class=\"elementor-widget-wrap\">\n<div class=\"elementor-element elementor-element-aa42f6b elementor-view-default elementor-position-top elementor-vertical-align-top elementor-widget elementor-widget-icon-box\" data-id=\"aa42f6b\" data-element_type=\"widget\" data-widget_type=\"icon-box.default\">\n<div class=\"elementor-widget-container\">\n<div class=\"elementor-icon-box-wrapper\">\n<div class=\"elementor-icon-box-icon\"><\/div>\n<div class=\"elementor-icon-box-content\">\n<h3 class=\"elementor-icon-box-title\">Scanner pentru amprenta biometric\u0103<\/h3>\n<\/div>\n<\/div>\n<\/div>\n<\/div>\n<\/div>\n<\/div>\n<\/div>\n<div class=\"has_eae_slider elementor-element elementor-element-4c760c4 elementor-column elementor-col-25 elementor-top-column\" data-id=\"4c760c4\" data-element_type=\"column\">\n<div class=\"elementor-column-wrap elementor-element-populated\">\n<div class=\"elementor-widget-wrap\">\n<div class=\"elementor-element elementor-element-7b2d753 elementor-view-default elementor-position-top elementor-vertical-align-top elementor-widget elementor-widget-icon-box\" data-id=\"7b2d753\" data-element_type=\"widget\" data-widget_type=\"icon-box.default\">\n<div class=\"elementor-widget-container\">\n<div class=\"elementor-icon-box-wrapper\">\n<div class=\"elementor-icon-box-icon\"><\/div>\n<div class=\"elementor-icon-box-content\">\n<h3 class=\"elementor-icon-box-title\">Sistem inteligent de m\u0103surare a procedurilor<\/h3>\n<\/div>\n<\/div>\n<\/div>\n<\/div>\n<\/div>\n<\/div>\n<\/div>\n<\/div>\n<h4 class=\"title\"><span class=\"lead\">PROCEDURA<\/span>\u00a0PENTRU\u00a0 FLEXIA\/ EXTENSIA CAPULUI \u0218I G\u00c2TULUI<\/h4>\n<h4>Caracteristica special\u0103 a Dinamometrului Isokinetic este c\u0103 ac\u021bioneaz\u0103\u00a0 at\u00e2t asupra CVC c\u00e2t \u0219i asupra CVT iar procedurile pot fi efectuate fiziologic \u00eentr-o singur\u0103 procedu\u0103.<\/h4>\n<h4><img loading=\"lazy\" class=\"alignnone size-full wp-image-1076\" src=\"https:\/\/mkb-system.ro\/wp-content\/uploads\/2020\/10\/c18-procedura1-transparent-231x300-1.png\" alt=\"\" width=\"231\" height=\"300\" \/><\/h4>\n","protected":false},"excerpt":{"rendered":"<div class=\"elementor-element elementor-element-88c5b22 elementor-widget elementor-widget-heading\" data-id=\"88c5b22\" data-element_type=\"widget\" data-widget_type=\"heading.default\">\n<div class=\"elementor-widget-container\">\n<h4 class=\"elementor-heading-title elementor-size-default\"><strong>Proceduri complet automatizate &#8211; reglaje \u0219i fix\u0103ri<\/strong><\/h4>\n<\/div>\n<\/div>\n<ul class=\"elementor-icon-list-items\">\n<li class=\"elementor-icon-list-item\"><strong><i class=\"fas fa-check\" aria-hidden=\"true\"><\/i><span class=\"elementor-icon-list-text\">Reglare automat\u0103 a sarcinii de lucru \u0219i dispozitiv de pretensionare a greut\u0103\u021bii patentat MKB-System<\/span><\/strong><\/li>\n<li class=\"elementor-icon-list-item\"><strong><i class=\"fas fa-check\" aria-hidden=\"true\"><\/i><span class=\"elementor-icon-list-text\">Fixare automat\u0103 a CVC<\/span><\/strong><\/li>\n<li class=\"elementor-icon-list-item\"><strong><i class=\"fas fa-check\" aria-hidden=\"true\"><\/i><span class=\"elementor-icon-list-text\">Ajustarea pernei pentru umeri<\/span><\/strong><\/li>\n<li class=\"elementor-icon-list-item\"><strong><i class=\"fas fa-check\" aria-hidden=\"true\"><\/i><span class=\"elementor-icon-list-text\">Ajustarea unghiului de mi\u0219care<\/span><\/strong><\/li>\n<li class=\"elementor-icon-list-item\"><strong><i class=\"fas fa-check\" aria-hidden=\"true\"><\/i><span class=\"elementor-icon-list-text\">Suport lombar ergonomic<\/span><\/strong><\/li>\n<li class=\"elementor-icon-list-item\"><strong><i class=\"fas fa-check\" aria-hidden=\"true\"><\/i><span class=\"elementor-icon-list-text\">Cotiere<\/span><\/strong><\/li>\n<li class=\"elementor-icon-list-item\"><strong><i class=\"fas fa-check\" aria-hidden=\"true\"><\/i><span class=\"elementor-icon-list-text\">Ajustare automat\u0103a \u00een\u0103l\u021bimii scaunului<\/span><\/strong><\/li>\n<li class=\"elementor-icon-list-item\"><strong><i class=\"fas fa-check\" aria-hidden=\"true\"><\/i><span class=\"elementor-icon-list-text\">Suport suplimentar pentru picioare<\/span><\/strong><\/li>\n<li class=\"elementor-icon-list-item\"><strong><i class=\"fas fa-check\" aria-hidden=\"true\"><\/i><span class=\"elementor-icon-list-text\">Fixare automat\u0103 a genunchilor<\/span><\/strong><\/li>\n<li class=\"elementor-icon-list-item\"><strong><i class=\"fas fa-check\" aria-hidden=\"true\"><\/i><span class=\"elementor-icon-list-text\">Ajustarea pe \u00een\u0103l\u021bime a pernei pentru picioare<\/span><\/strong><\/li>\n<li class=\"elementor-icon-list-item\"><strong><i class=\"fas fa-check\" aria-hidden=\"true\"><\/i><span class=\"elementor-icon-list-text\">Monitor rotativ de 17 inch<\/span><\/strong><\/li>\n<li class=\"elementor-icon-list-item\"><strong><i class=\"fas fa-check\" aria-hidden=\"true\"><\/i><span class=\"elementor-icon-list-text\">Bra\u021b mobil reglabil<\/span><\/strong><\/li>\n<li class=\"elementor-icon-list-item\"><strong><i class=\"fas fa-check\" aria-hidden=\"true\"><\/i><span class=\"elementor-icon-list-text\">Amprent\u0103 biometric\u0103<\/span><\/strong><\/li>\n<\/ul>\n<h4><strong>DIMENSIUNI: lungime: 120cm \/ l\u0103\u021bime: 100cm \/ \u00een\u0103l\u021bime: 180cm<\/strong><\/h4>\n<h4><strong>SUPRAFA\u021aA DE AMPLASARE: cca. 1,5m2<\/strong><\/h4>\n<h4><strong>GREUTATE: 220kg<\/strong><\/h4>\n<h4><strong>CONSUMUL DE ENERGIE: 3 euro \/ lun\u0103<\/strong><\/h4>\n<h4><strong>COMPUTER: PC integrat, inclusiv software-ul u\u0219or de controlat \u0219i monitor touchscreen de 17 inch<\/strong><\/h4>\n<h4><\/h4>\n<h4><\/h4>\n","protected":false},"featured_media":1078,"template":"","meta":[],"lang":"ro","translations":{"en":1302,"ro":1070},"pll_sync_post":[],"_links":{"self":[{"href":"https:\/\/mkb-system.ro\/index.php\/wp-json\/wp\/v2\/product\/1070"}],"collection":[{"href":"https:\/\/mkb-system.ro\/index.php\/wp-json\/wp\/v2\/product"}],"about":[{"href":"https:\/\/mkb-system.ro\/index.php\/wp-json\/wp\/v2\/types\/product"}],"wp:featuredmedia":[{"embeddable":true,"href":"https:\/\/mkb-system.ro\/index.php\/wp-json\/wp\/v2\/media\/1078"}],"wp:attachment":[{"href":"https:\/\/mkb-system.ro\/index.php\/wp-json\/wp\/v2\/media?parent=1070"}],"curies":[{"name":"wp","href":"https:\/\/api.w.org\/{rel}","templated":true}]}}