{"id":854,"date":"2020-10-21T13:54:44","date_gmt":"2020-10-21T13:54:44","guid":{"rendered":"https:\/\/mkb-system.ro\/?post_type=product&#038;p=854"},"modified":"2020-12-09T10:51:18","modified_gmt":"2020-12-09T10:51:18","slug":"r18-masina-isokinetica-pentru-coloana-dorso-lombara","status":"publish","type":"product","link":"https:\/\/mkb-system.ro\/index.php\/produs\/r18-masina-isokinetica-pentru-coloana-dorso-lombara\/","title":{"rendered":"R18 Ma\u015fin\u0103 isokinetic\u0103 pentru coloana toracic\u0103 Extensia trunchiului"},"content":{"rendered":"<h3 class=\"title\"><strong><span class=\"lead\">COLOANA<\/span>\u00a0DORSO &#8211; LOMBAR\u0102<\/strong><\/h3>\n<p><strong>FLEXIA \/ EXTENSIA COLOANEI CERVICALE<\/strong><\/p>\n<p><strong><img loading=\"lazy\" class=\"alignnone size-medium wp-image-936\" src=\"https:\/\/mkb-system.ro\/wp-content\/uploads\/2020\/10\/Untitled-design-12-300x300.png\" alt=\"\" width=\"300\" height=\"300\" srcset=\"https:\/\/mkb-system.ro\/wp-content\/uploads\/2020\/10\/Untitled-design-12-300x300.png 300w, https:\/\/mkb-system.ro\/wp-content\/uploads\/2020\/10\/Untitled-design-12-150x150.png 150w, https:\/\/mkb-system.ro\/wp-content\/uploads\/2020\/10\/Untitled-design-12-100x100.png 100w, https:\/\/mkb-system.ro\/wp-content\/uploads\/2020\/10\/Untitled-design-12.png 500w\" sizes=\"(max-width: 300px) 100vw, 300px\" \/>\u00a0<\/strong><\/p>\n<p><strong>MU\u015eCHI PRINCIPALI: MU\u015eCHIUL ERECTOR (M ILEOCOSTAL+ M. LONGISSIMUS) MU\u015eCHIUL SPLENIUS CERVICIS \u015eI SPLENIUS CAPITIS<\/strong><\/p>\n<p><strong>MU\u015eCHII ACCESORI: MU\u015eCHII INTERSPINALES, MU\u015eCHII INTERTRANSVERSARII<\/strong><\/p>\n<p><strong>O construc\u021bie complet nou\u0103 care provoac\u0103 o tensiune de baz\u0103 a mu\u0219chilor spatelui prin pozi\u021bia de plecare. \u00cen aceast\u0103 pozi\u021bie pacientul e a\u015fezat cu partea superioar\u0103 a corpului aplecata ceea ce duce la autostabilizarea imediat\u0103 a regiunii lombare inferioare.<\/strong><\/p>\n<p><strong><img loading=\"lazy\" class=\"alignnone size-full wp-image-923\" src=\"https:\/\/mkb-system.ro\/wp-content\/uploads\/2020\/10\/r18-procedura1-transparent-1.png\" alt=\"\" width=\"195\" height=\"250\" \/><\/strong><\/p>\n<p><strong>Ceea ce este complet nou este faptul c\u0103 aceast\u0103 pozi\u021bie de pornire permite exersarea asistat\u0103 pe ma\u015finia isokinetic\u0103 \u00een pozi\u021bie vertical\u0103 \u0219i, astfel, pentru prima dat\u0103 \u00eempotriva gravita\u021biei.<\/strong><\/p>\n","protected":false},"excerpt":{"rendered":"<p><strong>GREUTATE TOTAL\u0102: 280 KG<\/strong><\/p>\n<p><strong>DIMENSIUNE SETARE PASIV\u0102:<\/strong><br \/>\n<strong>L-150 X L-100 X H-196 CM<\/strong><\/p>\n<p><strong>DIMENSIUNE SETARE ACTIV\u0102:<\/strong><br \/>\n<strong>L-150 X W-110 X H-196 CM<\/strong><\/p>\n<p><strong>SARCINA PE PL\u0102CI:20 X 5 KG<\/strong><\/p>\n<p>&nbsp;<\/p>\n","protected":false},"featured_media":855,"template":"","meta":[],"lang":"ro","translations":{"ro":854},"pll_sync_post":[],"_links":{"self":[{"href":"https:\/\/mkb-system.ro\/index.php\/wp-json\/wp\/v2\/product\/854"}],"collection":[{"href":"https:\/\/mkb-system.ro\/index.php\/wp-json\/wp\/v2\/product"}],"about":[{"href":"https:\/\/mkb-system.ro\/index.php\/wp-json\/wp\/v2\/types\/product"}],"wp:featuredmedia":[{"embeddable":true,"href":"https:\/\/mkb-system.ro\/index.php\/wp-json\/wp\/v2\/media\/855"}],"wp:attachment":[{"href":"https:\/\/mkb-system.ro\/index.php\/wp-json\/wp\/v2\/media?parent=854"}],"curies":[{"name":"wp","href":"https:\/\/api.w.org\/{rel}","templated":true}]}}