{"id":960,"date":"2020-10-21T21:47:28","date_gmt":"2020-10-21T21:47:28","guid":{"rendered":"https:\/\/mkb-system.ro\/?post_type=product&#038;p=960"},"modified":"2020-12-09T10:47:30","modified_gmt":"2020-12-09T10:47:30","slug":"r10-masina-isokinetica-pentru-coloana-dorso-lombara-extensia-trunchiului-miscare-complexa","status":"publish","type":"product","link":"https:\/\/mkb-system.ro\/index.php\/produs\/r10-masina-isokinetica-pentru-coloana-dorso-lombara-extensia-trunchiului-miscare-complexa\/","title":{"rendered":"R10 Ma\u015fin\u0103 isokinetic\u0103 pentru coloana sacral\u0103 Extensia trunchiului &#8211; mi\u015fcare complex\u0103"},"content":{"rendered":"<h4 class=\"title\"><span class=\"lead\">COLOANA<\/span>\u00a0DORSO &#8211; LOMBAR\u0102<\/h4>\n<h4>EXTENSIA TRUNCHIULUI &#8211; MI\u0218CARE COMPLEX\u0102<\/h4>\n<p><img loading=\"lazy\" class=\"alignnone size-medium wp-image-962\" src=\"https:\/\/mkb-system.ro\/wp-content\/uploads\/2020\/10\/Untitled-design-21-300x300.png\" alt=\"\" width=\"300\" height=\"300\" srcset=\"https:\/\/mkb-system.ro\/wp-content\/uploads\/2020\/10\/Untitled-design-21-300x300.png 300w, https:\/\/mkb-system.ro\/wp-content\/uploads\/2020\/10\/Untitled-design-21-150x150.png 150w, https:\/\/mkb-system.ro\/wp-content\/uploads\/2020\/10\/Untitled-design-21-100x100.png 100w, https:\/\/mkb-system.ro\/wp-content\/uploads\/2020\/10\/Untitled-design-21.png 500w\" sizes=\"(max-width: 300px) 100vw, 300px\" \/><\/p>\n<h4><strong>MU\u015eCHI PRINCIPALI:\u00a0<\/strong>PARAVERTEBRALII DIN SEGMENTUL TORACIC \u015eI LOMBAR, MARELE DORSAL.<\/h4>\n<h4><strong>MU\u015eCHI ACCESORI:\u00a0<\/strong>PERONIER SCURT, PERONIER LUNG<strong>,\u00a0<\/strong>EXTENSOR LUNG AL DEGETELOR.<\/h4>\n<h3>Proceduri:<\/h3>\n<p><img loading=\"lazy\" class=\"alignnone size-full wp-image-963\" src=\"https:\/\/mkb-system.ro\/wp-content\/uploads\/2020\/10\/r10-procedura-transparent.png\" alt=\"\" width=\"300\" height=\"225\" \/><\/p>\n<h4>Ma\u015fina isokinetic\u0103 permite exerci\u0163iul de extensie complex\u0103 pentru: coloana vertebral\u0103 \u00een cele 3 sec\u021biuni ale sale (coloan\u0103 cervical\u0103, toracic\u0103 \u0219i lombar\u0103) \u0219i articula\u021biile membrelor inferioare.<\/h4>\n<h4>Procedura complex\u0103 de extensie a coloanei vertebrale \u0219i mi\u0219carea \u00een combina\u021bie cu membrele inferioare, ma\u015fina isokinetic\u0103 este unic\u0103 \u00een aceast\u0103 configura\u021bie.<\/h4>\n<h4><strong><em>Complet nou\u00a0<\/em><\/strong>\u2013 este fixarea dorsal\u0103 a articula\u021biei genunchiului pe toat\u0103 durata efectu\u0103rii mi\u015fc\u0103rii.<\/h4>\n","protected":false},"excerpt":{"rendered":"<h4>DIMENSIUNE STARE PASIV\u0102:\u00a0\u00a0\u00a0 150 X 80 X 196 CM<\/h4>\n<h4>DIMENSIUNE SETARE ACTIV\u0102:\u00a0\u00a0\u00a0\u00a0 210 X 80 X 196 CM<\/h4>\n<h4>SARCINA PE PL\u0102CI: 20 X 9 KG<\/h4>\n<h4>GREUTATE TOTAL\u0102: 290 KG<\/h4>\n<h4><\/h4>\n","protected":false},"featured_media":961,"template":"","meta":[],"lang":"ro","translations":{"ro":960,"en":1333},"pll_sync_post":[],"_links":{"self":[{"href":"https:\/\/mkb-system.ro\/index.php\/wp-json\/wp\/v2\/product\/960"}],"collection":[{"href":"https:\/\/mkb-system.ro\/index.php\/wp-json\/wp\/v2\/product"}],"about":[{"href":"https:\/\/mkb-system.ro\/index.php\/wp-json\/wp\/v2\/types\/product"}],"wp:featuredmedia":[{"embeddable":true,"href":"https:\/\/mkb-system.ro\/index.php\/wp-json\/wp\/v2\/media\/961"}],"wp:attachment":[{"href":"https:\/\/mkb-system.ro\/index.php\/wp-json\/wp\/v2\/media?parent=960"}],"curies":[{"name":"wp","href":"https:\/\/api.w.org\/{rel}","templated":true}]}}