{"id":981,"date":"2020-10-21T22:07:15","date_gmt":"2020-10-21T22:07:15","guid":{"rendered":"https:\/\/mkb-system.ro\/?post_type=product&#038;p=981"},"modified":"2020-12-09T10:37:04","modified_gmt":"2020-12-09T10:37:04","slug":"r11-masina-isokinetica-pentru-sold-abductia-adductia-soldului-rotatia-interna-externa-a-soldului","status":"publish","type":"product","link":"https:\/\/mkb-system.ro\/index.php\/produs\/r11-masina-isokinetica-pentru-sold-abductia-adductia-soldului-rotatia-interna-externa-a-soldului\/","title":{"rendered":"R11 Ma\u015fin\u0103 Isokinetic\u0103 pentru \u015fold &#8211; Abduc\u0163ia \/ Adduc\u0163ia \u015foldului Rota\u0163ia intern\u0103 \/ Extern\u0103 a \u015foldului"},"content":{"rendered":"<h4 class=\"title\"><span class=\"lead\">\u0218OLD<\/span><\/h4>\n<h4>ABDUC\u0162IA \/ ADDUC\u0162IA \u015eOLDULUI ROTA\u0162IA INTERN\u0102 \/ EXTERN\u0102 A \u015eOLDULUI<\/h4>\n<p><img loading=\"lazy\" class=\"alignnone size-medium wp-image-983\" src=\"https:\/\/mkb-system.ro\/wp-content\/uploads\/2020\/10\/Untitled-design-25-300x300.png\" alt=\"\" width=\"300\" height=\"300\" srcset=\"https:\/\/mkb-system.ro\/wp-content\/uploads\/2020\/10\/Untitled-design-25-300x300.png 300w, https:\/\/mkb-system.ro\/wp-content\/uploads\/2020\/10\/Untitled-design-25-150x150.png 150w, https:\/\/mkb-system.ro\/wp-content\/uploads\/2020\/10\/Untitled-design-25-100x100.png 100w, https:\/\/mkb-system.ro\/wp-content\/uploads\/2020\/10\/Untitled-design-25.png 500w\" sizes=\"(max-width: 300px) 100vw, 300px\" \/><\/p>\n<h4><strong>MU\u015eCHI PRINCIPALI:\u00a0<\/strong>ILIOPSOAS, ADDUCTORUL LUNG, ADDUCTORUL SCURT<strong>,\u00a0<\/strong>ADDUCTORUL MARE<strong>\/<\/strong>OBTURATOR EXTERN, OBTURATOR INTERN, P\u0102TRAT FEMURAL, PIRIFORM, GEMEN SUPERIOR, GEMEN INFERIOR, FESIER MARE.<\/h4>\n<h4><strong>MU\u015eCHI ACCESORI:\u00a0<\/strong>BICEPS FEMURAL \u015eI CROITOR, SEMITENDINOS, SEMIMEMBRANOS.<\/h4>\n<table style=\"height: 436px;\" role=\"grid\" width=\"801\">\n<tbody id=\"j_id_p:productCardForm:productCardTabView:j_id_6r_data\" class=\"ui-datatable-data ui-widget-content\">\n<tr class=\"ui-widget-header\">\n<td class=\"ui-datatable-subtable-header\" colspan=\"3\">\n<h3>Proceduri:<\/h3>\n<\/td>\n<\/tr>\n<tr id=\"j_id_p:productCardForm:productCardTabView:j_id_6r:0:j_id_6s_row_0\" class=\"ui-widget-content\">\n<td class=\"product-card-tab-spec-item-name\">\n<h3><img loading=\"lazy\" class=\"alignnone size-full wp-image-984\" src=\"https:\/\/mkb-system.ro\/wp-content\/uploads\/2020\/10\/r11-procedura1-transparent.png\" alt=\"\" width=\"239\" height=\"250\" \/><\/h3>\n<\/td>\n<td class=\"product-card-tab-spec-item-val\">\n<h3><img loading=\"lazy\" class=\"alignnone size-full wp-image-985\" src=\"https:\/\/mkb-system.ro\/wp-content\/uploads\/2020\/10\/r11-procedura2-transparent.png\" alt=\"\" width=\"238\" height=\"250\" \/><\/h3>\n<\/td>\n<td class=\"product-card-tab-spec-item-val\">\n<h3><\/h3>\n<\/td>\n<\/tr>\n<tr id=\"j_id_p:productCardForm:productCardTabView:j_id_6r:0:j_id_6s_row_1\" class=\"ui-widget-content\">\n<td class=\"product-card-tab-spec-item-name\">\n<h3>Adduc\u0163ia\/Rota\u0163ia intern\u0103 \u015foldului<\/h3>\n<\/td>\n<td class=\"product-card-tab-spec-item-val\">\n<h3>Abduc\u0163ia\/Rota\u0163ia externa \u015foldului<\/h3>\n<\/td>\n<td class=\"product-card-tab-spec-item-val\">\n<h3><\/h3>\n<\/td>\n<\/tr>\n<\/tbody>\n<\/table>\n<h3><span style=\"font-size: 16px;\">Sp\u0103tarul poate fi reglat de la pozi\u021bia culcat la pozi\u021bia de \u0219ezut.<\/span><\/h3>\n<section class=\"has_eae_slider elementor-element elementor-element-d743cba elementor-section-boxed elementor-section-height-default elementor-section-height-default elementor-section elementor-top-section animated pulse\" data-id=\"d743cba\" data-element_type=\"section\" data-settings=\"{&quot;animation&quot;:&quot;pulse&quot;}\">\n<div class=\"elementor-container elementor-column-gap-default\">\n<div class=\"elementor-row\">\n<div class=\"has_eae_slider elementor-element elementor-element-e916c7d elementor-column elementor-col-100 elementor-top-column\" data-id=\"e916c7d\" data-element_type=\"column\">\n<div class=\"elementor-column-wrap elementor-element-populated\">\n<div class=\"elementor-widget-wrap\">\n<div class=\"elementor-element elementor-element-c3be5cd elementor-widget elementor-widget-text-editor\" data-id=\"c3be5cd\" data-element_type=\"widget\" data-widget_type=\"text-editor.default\">\n<div class=\"elementor-widget-container\">\n<div class=\"elementor-text-editor elementor-clearfix\">\n<h4>Ma\u0219ina isokinetic\u0103 func\u021bioneaz\u0103 cu bra\u021bele independent unul fa\u021b\u0103 de cel\u0103lalt \u0219i \u00a0\u00a0promoveaz\u0103 \u00een mod optim secven\u021ba coordonatoare a mi\u0219c\u0103rilor.<\/h4>\n<h4>Pentru \u00eembun\u0103t\u0103\u021birea dezechilibrului muscular, exerci\u0163iul se poate realiza \u015fi cu un singur picior (membru inferior).<\/h4>\n<h4>Datorit\u0103 ajust\u0103rii variabile, at\u00e2t mu\u0219chii cu aduc\u021bie scurt\u0103, c\u00e2t \u0219i mu\u0219chii cu aduc\u021bie lung\u0103 pot fi aborda\u021bi.<\/h4>\n<\/div>\n<\/div>\n<\/div>\n<\/div>\n<\/div>\n<\/div>\n<\/div>\n<\/div>\n<\/section>\n<section class=\"has_eae_slider elementor-element elementor-element-acc8744 elementor-section-stretched elementor-section-full_width elementor-section-height-default elementor-section-height-default elementor-section elementor-top-section\" data-id=\"acc8744\" data-element_type=\"section\" data-settings=\"{&quot;stretch_section&quot;:&quot;section-stretched&quot;}\">\n<div class=\"elementor-container elementor-column-gap-default\">\n<div class=\"elementor-row\">\n<div class=\"has_eae_slider elementor-element elementor-element-f43eb1a elementor-column elementor-col-100 elementor-top-column\" data-id=\"f43eb1a\" data-element_type=\"column\">\n<div class=\"elementor-column-wrap elementor-element-populated\">\n<div class=\"elementor-widget-wrap\">\n<div class=\"elementor-element elementor-element-ab8a53e elementor-widget elementor-widget-wts-shape-separator\" data-id=\"ab8a53e\" data-element_type=\"widget\" data-widget_type=\"wts-shape-separator.default\">\n<h4 class=\"elementor-widget-container\"><\/h4>\n<\/div>\n<\/div>\n<\/div>\n<\/div>\n<\/div>\n<\/div>\n<\/section>\n","protected":false},"excerpt":{"rendered":"<h4>DIMENSIUNI STARE PASIV\u0102: 220 X 110 X 196 CM<\/h4>\n<h4>DIMENSIUNE SETARE ACTIV\u0102: 220 X 165 X 196 CM<\/h4>\n<h4>SARCINA PE PL\u0102CI: 20 X 9 KG<\/h4>\n<h4>GREUTATE TOTAL\u0102 : 300KG<\/h4>\n<section class=\"has_eae_slider elementor-element elementor-element-acc8744 elementor-section-stretched elementor-section-full_width elementor-section-height-default elementor-section-height-default elementor-section elementor-top-section\" data-id=\"acc8744\" data-element_type=\"section\" data-settings=\"{&quot;stretch_section&quot;:&quot;section-stretched&quot;}\">\n<div class=\"elementor-container elementor-column-gap-default\">\n<div class=\"elementor-row\">\n<div class=\"has_eae_slider elementor-element elementor-element-f43eb1a elementor-column elementor-col-100 elementor-top-column\" data-id=\"f43eb1a\" data-element_type=\"column\">\n<div class=\"elementor-column-wrap elementor-element-populated\">\n<div class=\"elementor-widget-wrap\">\n<div class=\"elementor-element elementor-element-ab8a53e elementor-widget elementor-widget-wts-shape-separator\" data-id=\"ab8a53e\" data-element_type=\"widget\" data-widget_type=\"wts-shape-separator.default\">\n<h4 class=\"elementor-widget-container\"><\/h4>\n<\/div>\n<\/div>\n<\/div>\n<\/div>\n<\/div>\n<\/div>\n<\/section>\n<section class=\"has_eae_slider elementor-element elementor-element-55a4887 elementor-section-boxed elementor-section-height-default elementor-section-height-default elementor-section elementor-top-section\" data-id=\"55a4887\" data-element_type=\"section\">\n<div class=\"elementor-container elementor-column-gap-default\">\n<div class=\"elementor-row\">\n<div class=\"has_eae_slider elementor-element elementor-element-6dceb87 elementor-column elementor-col-100 elementor-top-column\" data-id=\"6dceb87\" data-element_type=\"column\">\n<div class=\"elementor-column-wrap elementor-element-populated\">\n<div class=\"elementor-widget-wrap\">\n<div class=\"elementor-element elementor-element-18583bb elementor-widget elementor-widget-spacer\" data-id=\"18583bb\" data-element_type=\"widget\" data-widget_type=\"spacer.default\">\n<div class=\"elementor-widget-container\">\n<div class=\"elementor-spacer\"><\/div>\n<\/div>\n<\/div>\n<\/div>\n<\/div>\n<\/div>\n<\/div>\n<\/div>\n<\/section>\n","protected":false},"featured_media":982,"template":"","meta":[],"lang":"ro","translations":{"ro":981,"en":1329},"pll_sync_post":[],"_links":{"self":[{"href":"https:\/\/mkb-system.ro\/index.php\/wp-json\/wp\/v2\/product\/981"}],"collection":[{"href":"https:\/\/mkb-system.ro\/index.php\/wp-json\/wp\/v2\/product"}],"about":[{"href":"https:\/\/mkb-system.ro\/index.php\/wp-json\/wp\/v2\/types\/product"}],"wp:featuredmedia":[{"embeddable":true,"href":"https:\/\/mkb-system.ro\/index.php\/wp-json\/wp\/v2\/media\/982"}],"wp:attachment":[{"href":"https:\/\/mkb-system.ro\/index.php\/wp-json\/wp\/v2\/media?parent=981"}],"curies":[{"name":"wp","href":"https:\/\/api.w.org\/{rel}","templated":true}]}}